actors of 37953?
3, 4217
What are the prime factors of 14238?
2, 3, 7, 113
What are the prime factors of 1882?
2, 941
What are the prime factors of 1760?
2, 5, 11
List the prime factors of 12359.
17, 727
What are the prime factors of 552?
2, 3, 23
What are the prime factors of 1315?
5, 263
What are the prime factors of 55606?
2, 27803
What are the prime factors of 22077?
3, 11, 223
What are the prime factors of 7382?
2, 3691
List the prime factors of 1438.
2, 719
What are the prime factors of 24738?
2, 3, 7, 19, 31
List the prime factors of 20736.
2, 3
What are the prime factors of 7513?
11, 683
What are the prime factors of 8544?
2, 3, 89
List the prime factors of 17955.
3, 5, 7, 19
What are the prime factors of 4346?
2, 41, 53
List the prime factors of 3019.
3019
What are the prime factors of 1492?
2, 373
List the prime factors of 1689.
3, 563
What are the prime factors of 8530?
2, 5, 853
What are the prime factors of 16999?
89, 191
What are the prime factors of 2394?
2, 3, 7, 19
What are the prime factors of 5883?
3, 37, 53
List the prime factors of 2603.
19, 137
What are the prime factors of 5281?
5281
What are the prime factors of 5536?
2, 173
What are the prime factors of 1220?
2, 5, 61
What are the prime factors of 2336?
2, 73
What are the prime factors of 19936?
2, 7, 89
List the prime factors of 1067.
11, 97
What are the prime factors of 18636?
2, 3, 1553
List the prime factors of 83.
83
What are the prime factors of 22271?
22271
What are the prime factors of 185?
5, 37
List the prime factors of 1424.
2, 89
List the prime factors of 865.
5, 173
List the prime factors of 90740.
2, 5, 13, 349
List the prime factors of 1835.
5, 367
What are the prime factors of 35?
5, 7
What are the prime factors of 3018?
2, 3, 503
List the prime factors of 4809.
3, 7, 229
List the prime factors of 93174.
2, 3, 53, 293
What are the prime factors of 97592?
2, 11, 1109
What are the prime factors of 19520?
2, 5, 61
What are the prime factors of 2922?
2, 3, 487
What are the prime factors of 200?
2, 5
What are the prime factors of 19994?
2, 13, 769
What are the prime factors of 13786?
2, 61, 113
What are the prime factors of 13514?
2, 29, 233
List the prime factors of 25537.
25537
List the prime factors of 3816.
2, 3, 53
What are the prime factors of 7775?
5, 311
What are the prime factors of 31532?
2, 7883
What are the prime factors of 2750?
2, 5, 11
List the prime factors of 57412.
2, 31, 463
List the prime factors of 419.
419
List the prime factors of 16167.
3, 17, 317
List the prime factors of 9610.
2, 5, 31
List the prime factors of 21924.
2, 3, 7, 29
List the prime factors of 123774.
2, 3, 7, 421
List the prime factors of 917.
7, 131
What are the prime factors of 22321?
13, 17, 101
What are the prime factors of 78299?
13, 19, 317
What are the prime factors of 1947?
3, 11, 59
List the prime factors of 149474.
2, 13, 5749
What are the prime factors of 2267?
2267
List the prime factors of 5826.
2, 3, 971
What are the prime factors of 7167?
3, 2389
List the prime factors of 39301.
39301
List the prime factors of 18913.
18913
What are the prime factors of 2568?
2, 3, 107
List the prime factors of 20088.
2, 3, 31
List the prime factors of 7949.
7949
List the prime factors of 3433.
3433
List the prime factors of 9848.
2, 1231
List the prime factors of 13733.
31, 443
List the prime factors of 18513.
3, 11, 17
List the prime factors of 123169.
123169
What are the prime factors of 70703?
17, 4159
What are the prime factors of 8964?
2, 3, 83
What are the prime factors of 3549?
3, 7, 13
What are the prime factors of 1148?
2, 7, 41
What are the prime factors of 3485?
5, 17, 41
List the prime factors of 9684.
2, 3, 269
What are the prime factors of 146484?
2, 3, 13, 313
List the prime factors of 685.
5, 137
What are the prime factors of 605?
5, 11
What are the prime factors of 40207?
31, 1297
List the prime factors of 996.
2, 3, 83
List the prime factors of 87903.
3, 9767
List the prime factors of 52761.
3, 43, 409
List the prime factors of 10537.
41, 257
List the prime factors of 57551.
13, 19, 233
What are the prime factors of 22879?
137, 167
What are the prime factors of 843?
3, 281
What are the prime factors of 2206?
2, 1103
What are the prime factors of 6447?
3, 7, 307
What are the prime factors of 1144?
2, 11, 13
List the prime factors of 19280.
2, 5, 241
List the prime factors of 4687.
43, 109
List the prime factors of 3253.
3253
List the prime factors of 21891.
3, 7297
What are the prime factors of 26245?
5, 29, 181
List the prime factors of 567.
3, 7
List the prime factors of 10266.
2, 3, 29, 59
List the prime factors of 2863.
7, 409
List the prime factors of 4602.
2, 3, 13, 59
List the prime factors of 969.
3, 17, 19
List the prime factors of 19.
19
What are the prime factors of 1141?
7, 163
List the prime factors of 2178.
2, 3, 11
List the prime factors of 525.
3, 5, 7
List the prime factors of 2287.
2287
What are the prime factors of 3258?
2, 3, 181
List the prime factors of 1910.
2, 5, 191
What are the prime factors of 843?
3, 281
What are the prime factors of 115954?
2, 57977
List the prime factors of 34739.
34739
What are the prime factors of 52496?
2, 17, 193
List the prime factors of 8576.
2, 67
What are the prime factors of 231?
3, 7, 11
What are the prime factors of 1948?
2, 487
List the prime factors of 1035.
3, 5, 23
List the prime factors of 53.
53
List the prime factors of 1402.
2, 701
List the prime factors of 4483.
4483
What are the prime factors of 1320?
2, 3, 5, 11
List the prime factors of 158547.
3, 41, 1289
List the prime factors of 32907.
3, 7, 1567
List the prime factors of 44517.
3, 11, 19, 71
What are the prime factors of 57196?
2, 79, 181
What are the prime factors of 7?
7
What are the prime factors of 6145?
5, 1229
List the prime factors of 24181.
24181
List the prime factors of 995.
5, 199
List the prime factors of 92.
2, 23
What are the prime factors of 2764?
2, 691
List the prime factors of 11740.
2, 5, 587
List the prime factors of 4634.
2, 7, 331
What are the prime factors of 5564?
2, 13, 107
What are the prime factors of 38618?
2, 19309
What are the prime factors of 20755?
5, 7, 593
What are the prime factors of 154?
2, 7, 11
List the prime factors of 5190.
2, 3, 5, 173
What are the prime factors of 2095?
5, 419
What are the prime factors of 1534?
2, 13, 59
List the prime factors of 33574.
2, 16787
List the prime factors of 4186.
2, 7, 13, 23
List the prime factors of 4901.
13, 29
What are the prime factors of 3477?
3, 19, 61
List the prime factors of 17928.
2, 3, 83
What are the prime factors of 55532?
2, 13883
List the prime factors of 14000.
2, 5, 7
List the prime factors of 44622.
2, 3, 37, 67
List the prime factors of 1926.
2, 3, 107
What are the prime factors of 1412?
2, 353
What are the prime factors of 35559?
3, 439
What are the prime factors of 2169?
3, 241
List the prime factors of 2694.
2, 3, 449
List the prime factors of 6537.
3, 2179
What are the prime factors of 13760?
2, 5, 43
List the prime factors of 1310.
2, 5, 131
List the prime factors of 1804.
2, 11, 41
What are the prime factors of 172766?
2, 11, 7853
What are the prime factors of 2588?
2, 647
List the prime factors of 1318.
2, 659
What are the prime factors of 5842?
2, 23, 127
What are the prime factors of 46405?
5, 9281
List the prime factors of 1560.
2, 3, 5, 13
List the prime factors of 17971.
17971
What are the prime factors of 4620?
2, 3, 5, 7, 11
What are the prime factors of 10536?
2, 3, 439
What are the prime factors of 16932?
2, 3, 17, 83
What are the prime factors of 2787?
3, 929
What are the prime factors of 4953?
3, 13, 127
List the prime factors of 2475.
3, 5, 11
What are the prime factors of 12109?
12109
What are the prime factors of 47874?
2, 3, 79, 101
List the prime factors of 33348.
2, 3, 7, 397
List the prime factors of 3622.
2, 1811
What are the prime factors of 12202?
2, 6101
What are the prime factors of 733?
733
List the prime factors of 253.
11, 23
What are the prime factors of 387?
3, 43
List the prime factors of 4205.
5, 29
What are the prime factors of 3949?
11, 359
List the prime factors of 2607.
3, 11, 79
What are the prime factors of 6593?
19, 347
What are the prime factors of 43273?
109, 397
List the prime factors of 